{"id":855,"date":"2011-03-21T18:10:04","date_gmt":"2011-03-21T23:10:04","guid":{"rendered":"http:\/\/fiduinmobiliarios.com\/prueba\/?page_id=855"},"modified":"2011-03-21T18:10:04","modified_gmt":"2011-03-21T23:10:04","slug":"referencias-comerciales","status":"publish","type":"page","link":"https:\/\/fiduinmobiliarios.com\/?page_id=855","title":{"rendered":"Referencias comerciales"},"content":{"rendered":"<p><a rel=\"attachment wp-att-856\" href=\"http:\/\/fiduinmobiliarios.com\/prueba\/?attachment_id=856\"><img loading=\"lazy\" class=\"alignleft size-full wp-image-856\" title=\"referencias\" src=\"http:\/\/fiduinmobiliarios.com\/wp-content\/uploads\/2011\/03\/franquicias_2.gif\" alt=\"\" width=\"300\" height=\"300\" srcset=\"https:\/\/fiduinmobiliarios.com\/wp-content\/uploads\/2011\/03\/franquicias_2.gif 300w, https:\/\/fiduinmobiliarios.com\/wp-content\/uploads\/2011\/03\/franquicias_2-150x150.gif 150w\" sizes=\"(max-width: 300px) 100vw, 300px\" \/><\/a>A continuaci\u00f3n relacionamos referencias reales sobre nuestros servicios inmobiliarios:<\/p>\n<p>Todas las referencias son reales y comentan sobre varias l\u00edneas de negocio que la compa\u00f1\u00eda y su pool han brindado. Todas estas impresiones son consignadas en la <span style=\"color: #000080;\"><a href=\"https:\/\/spreadsheets0.google.com\/viewform?hl=es&amp;hl=es&amp;formkey=dHMxOXdDcWVLME0ydFZLMlg1eUFkZEE6MQ#gid=0\">encuesta de calidad<\/a><\/span> siguiente encuesta de calidad alimenta constantemente.<\/p>\n<p>&nbsp;<\/p>\n<p>&nbsp;<\/p>\n<p>&nbsp;<\/p>\n<p>&nbsp;<\/p>\n<p><!--more--><\/p>\n<p style=\"text-align: right;\">\u00abQued\u00e9 impresionado con el profesionalismo del agente inmobiliario que me atendi\u00f3\u00bb<\/p>\n<p style=\"text-align: right;\">Florent Marie Roland Schaffhauser<\/p>\n<p style=\"text-align: right;\">Profesor Adscrito Universidad de los Andes<\/p>\n<p style=\"text-align: right;\">&nbsp;<\/p>\n<p style=\"text-align: right;\"><!--more-->\u00abUn agente inmobiliario muy paciente y respetuoso durante todo el proceso.\u00bb<\/p>\n<p style=\"text-align: right;\">Ana Milena Cardozo<\/p>\n<p style=\"text-align: right;\">Arrendataria<\/p>\n<p style=\"text-align: right;\">&nbsp;<\/p>\n<p style=\"text-align: right;\"><!--more-->\u00abExcelente asesor. \u00a0Me parece muy bueno que se retroalimenten de esta manera\u00bb<\/p>\n<p style=\"text-align: right;\">Carlos Eduardo Pedraza Correa<\/p>\n<p style=\"text-align: right;\">Propietario<\/p>\n<p style=\"text-align: right;\">&nbsp;<\/p>\n","protected":false},"excerpt":{"rendered":"<p>A continuaci\u00f3n relacionamos referencias reales sobre nuestros servicios inmobiliarios: Todas las referencias son reales y comentan sobre varias l\u00edneas de negocio que la compa\u00f1\u00eda y su pool han brindado. Todas estas impresiones son consignadas en la encuesta de calidad siguiente encuesta de calidad alimenta constantemente. &nbsp; &nbsp; &nbsp; &nbsp;<\/p>\n","protected":false},"author":1,"featured_media":0,"parent":0,"menu_order":0,"comment_status":"open","ping_status":"open","template":"","meta":[],"_links":{"self":[{"href":"https:\/\/fiduinmobiliarios.com\/index.php?rest_route=\/wp\/v2\/pages\/855"}],"collection":[{"href":"https:\/\/fiduinmobiliarios.com\/index.php?rest_route=\/wp\/v2\/pages"}],"about":[{"href":"https:\/\/fiduinmobiliarios.com\/index.php?rest_route=\/wp\/v2\/types\/page"}],"author":[{"embeddable":true,"href":"https:\/\/fiduinmobiliarios.com\/index.php?rest_route=\/wp\/v2\/users\/1"}],"replies":[{"embeddable":true,"href":"https:\/\/fiduinmobiliarios.com\/index.php?rest_route=%2Fwp%2Fv2%2Fcomments&post=855"}],"version-history":[{"count":0,"href":"https:\/\/fiduinmobiliarios.com\/index.php?rest_route=\/wp\/v2\/pages\/855\/revisions"}],"wp:attachment":[{"href":"https:\/\/fiduinmobiliarios.com\/index.php?rest_route=%2Fwp%2Fv2%2Fmedia&parent=855"}],"curies":[{"name":"wp","href":"https:\/\/api.w.org\/{rel}","templated":true}]}}