{"id":410,"date":"2011-01-28T19:38:57","date_gmt":"2011-01-29T00:38:57","guid":{"rendered":"http:\/\/fiduinmobiliarios.com\/prueba\/?page_id=410"},"modified":"2013-08-30T19:06:18","modified_gmt":"2013-08-31T00:06:18","slug":"aspirantes-a-proveer-cargos-en-fiduinmobiliarios","status":"publish","type":"page","link":"https:\/\/fiduinmobiliarios.com\/?page_id=410","title":{"rendered":"Aspirantes a Proveer Cargos en Fiduciaria Inmobiliaria S.A.S."},"content":{"rendered":"<p>REQUESICI\u00d3N #1:<\/p>\n<p>Iniciando 1\u00ba de Septiembre del a\u00f1o 2013 se da inicio a la convocatoria formal mediante la modalidad de concurso para el siguiente cargo:<\/p>\n<p>CARGO:<\/p>\n<p>Coordinador Administrativo y comercial en arriendos:<\/p>\n<p>Perfil profesional: persona pro activa con excelentes habilidades en manejo de sistemas; destacable conocimiento y manejo del crm y en seguimientos, excelentes habilidades de comunicaci\u00f3n, organizaci\u00f3n en documentaci\u00f3n f\u00edsica y en h\u00e1bitos; puntualidad, ortograf\u00eda y memoria.<\/p>\n<p>Perfil psicol\u00f3gico: Tolerancia en manejo de requesiciones de tipo servicio al cliente, presi\u00f3n de seguimiento en gesti\u00f3n de quejas y reclamos, autonom\u00eda y responsabilidad en funciones.<\/p>\n<p>Disponibilidad de tiempo: Horario de Lunes a viernes de 9-1 PM gesti\u00f3n administrativa. De 2-6 Gesti\u00f3n comercial en administraci\u00f3n y arriendos. Alg\u00fan s\u00e1bado espor\u00e1dico se requerir\u00e1 presentarse a laborar seg\u00fan dispersi\u00f3n comercial.<\/p>\n<p>Metas: deber\u00e1 gestionar al 100% las interventorias y reparaciones locativas que se presenten y deber\u00e1 tener una cuota de consignaciones y arriendos efectivos de uno por mes en promedio para cada uno.<\/p>\n<p>Tareas ordinarias: ser\u00e1 encargado de contestaci\u00f3n telef\u00f3nica en clientes actuales, gesti\u00f3n de reparaciones locativas, ordinarias administrativas de oficina, realizaci\u00f3n de inventarios y entregas, gesti\u00f3n de quejas y reclamos, consignaci\u00f3n, captaci\u00f3n de arrendamientos y su correspondientes agendamientos para presentaci\u00f3n de clientes.<\/p>\n<p>Asignaci\u00f3n: \u00a0Salario m\u00ednimo + Bonificaciones fijas por fidurentas mensuales.<\/p>\n<p>Metodolog\u00eda de selecci\u00f3n de ganador: se seleccionar\u00e1 a los aspirantes que durante el tiempo de concurso tengan la mejor productividad en consignaci\u00f3n de arrendamientos y\/o ventas en cantidad no en el monto, en su mejor y clara relaci\u00f3n y gesti\u00f3n en el crm durante el proceso de la misma y que no presenten ninguna queja de clientes a fecha de finalizaci\u00f3n de la convocatoria. \u00a0Se requiere una producci\u00f3n m\u00ednima de 3 arriendos (uno mensual) para preclasificar.<\/p>\n<p>Tiempo de concurso: 3 meses.<\/p>\n<p>Para inscribirse al concurso por favor comunicarse con el ingeniero Andr\u00e9s Felipe Vargas.<\/p>\n","protected":false},"excerpt":{"rendered":"<p>REQUESICI\u00d3N #1: Iniciando 1\u00ba de Septiembre del a\u00f1o 2013 se da inicio a la convocatoria formal mediante la modalidad de concurso para el siguiente cargo: CARGO: Coordinador Administrativo y comercial en arriendos: Perfil profesional: persona pro activa con excelentes habilidades en manejo de sistemas; destacable conocimiento y manejo del crm y en seguimientos, excelentes habilidades [&hellip;]<\/p>\n","protected":false},"author":1,"featured_media":0,"parent":408,"menu_order":0,"comment_status":"open","ping_status":"open","template":"","meta":[],"_links":{"self":[{"href":"https:\/\/fiduinmobiliarios.com\/index.php?rest_route=\/wp\/v2\/pages\/410"}],"collection":[{"href":"https:\/\/fiduinmobiliarios.com\/index.php?rest_route=\/wp\/v2\/pages"}],"about":[{"href":"https:\/\/fiduinmobiliarios.com\/index.php?rest_route=\/wp\/v2\/types\/page"}],"author":[{"embeddable":true,"href":"https:\/\/fiduinmobiliarios.com\/index.php?rest_route=\/wp\/v2\/users\/1"}],"replies":[{"embeddable":true,"href":"https:\/\/fiduinmobiliarios.com\/index.php?rest_route=%2Fwp%2Fv2%2Fcomments&post=410"}],"version-history":[{"count":8,"href":"https:\/\/fiduinmobiliarios.com\/index.php?rest_route=\/wp\/v2\/pages\/410\/revisions"}],"predecessor-version":[{"id":9989,"href":"https:\/\/fiduinmobiliarios.com\/index.php?rest_route=\/wp\/v2\/pages\/410\/revisions\/9989"}],"up":[{"embeddable":true,"href":"https:\/\/fiduinmobiliarios.com\/index.php?rest_route=\/wp\/v2\/pages\/408"}],"wp:attachment":[{"href":"https:\/\/fiduinmobiliarios.com\/index.php?rest_route=%2Fwp%2Fv2%2Fmedia&parent=410"}],"curies":[{"name":"wp","href":"https:\/\/api.w.org\/{rel}","templated":true}]}}