{"id":373,"date":"2011-01-28T13:42:08","date_gmt":"2011-01-28T18:42:08","guid":{"rendered":"http:\/\/fiduinmobiliarios.com\/prueba\/?page_id=373"},"modified":"2011-10-18T22:25:28","modified_gmt":"2011-10-19T03:25:28","slug":"preguntas-frecuentes","status":"publish","type":"page","link":"https:\/\/fiduinmobiliarios.com\/?page_id=373","title":{"rendered":"Preguntas frecuentes"},"content":{"rendered":"<div class=\"dhtmlgoodies_question\">Q: Debo pagar por promocionar mi inmueble en Fiduinmobiliarios?<\/div>\n<div class=\"dhtmlgoodies_answer\">\n<div>No, promocionar en Fiduinmobiliarios no le cuesta nada; contacte a un asesor para que su inmueble se encuentre en nuestro portal.<\/div>\n<\/div>\n<div class=\"dhtmlgoodies_question\">Q: Cuanto son los costos de vender un inmueble ?<\/div>\n<div class=\"dhtmlgoodies_answer\">\n<div>Los costos iniciales son para el propietario el 1% de Retenci\u00f3n en la fuente y la mitad de los gastos notariales que son el 2.7&#215;1000 (sobre el valor escriturado) y pueden variar seg\u00fan el n\u00famero de copias de papel notariado o anexos.<br \/>\nPara el Comprador los costos son la mitad de los gastos notariales, el 1% de Beneficiencia y el 0.5% de registro. (Recuede que si compra y realiza hipoteca deber\u00e1 cancelar los gastos adicionales correspondientes a la misma.<\/div>\n<\/div>\n<div class=\"dhtmlgoodies_question\">Q: Cuanto cuesta administrar o vender un inmueble por Fiduciaria Inmobiliaria ?<\/div>\n<div class=\"dhtmlgoodies_answer\">\n<div>Fiduciaria Inmobiliaria cobra \u00fanicamente la costumbre comercial y ofrece las mejores tarifas dentro del mercado con administraci\u00f3n sistematizada, departamento de compras, reparaciones locativas, departamento fotogr\u00e1fico, contabilidad, reportes en l\u00ednea, publicidad incluida y lo mejor de todo con efectividad y seriedad. Contacte a su asesor de confianza para que le ampl\u00ede los beneficios de tener a Fiduciaria en sus negocios inmobiliarios.<\/div>\n<\/div>\n<div class=\"dhtmlgoodies_question\">Q: C\u00f3mo ubico la latitud y longitud ex\u00e1cta de mi inmueble ?<\/div>\n<div class=\"dhtmlgoodies_answer\">\n<div>1. Encontrar el punto deseado en el mapa (lo m\u00e1s sencillo, el buscador incorporado en www.maps.google.com ).<br \/>\n2.Centrarlo en la ventana del mapa con la herramienta \u2018arrastrar\u2019 (la mano, vaya).<br \/>\n3. Cuando lo tengas centrado, copia y pega en la barra de direcciones de tu navegador este c\u00f3digo:<br \/>\njavascript:void(prompt(\u00bb,gApplication.getMap().getCenter()));<\/p>\n<p>4. Pulsas \u2018enter\u2019 y voil\u00e0. Te aparece una ventanita con los datos deseados que deber\u00e1s ingresarlos en los campos latitud y longitud por separado.<\/p><\/div>\n<\/div>\n","protected":false},"excerpt":{"rendered":"<p>Q: Debo pagar por promocionar mi inmueble en Fiduinmobiliarios? No, promocionar en Fiduinmobiliarios no le cuesta nada; contacte a un asesor para que su inmueble se encuentre en nuestro portal. Q: Cuanto son los costos de vender un inmueble ? Los costos iniciales son para el propietario el 1% de Retenci\u00f3n en la fuente y [&hellip;]<\/p>\n","protected":false},"author":1,"featured_media":0,"parent":0,"menu_order":0,"comment_status":"open","ping_status":"open","template":"","meta":[],"_links":{"self":[{"href":"https:\/\/fiduinmobiliarios.com\/index.php?rest_route=\/wp\/v2\/pages\/373"}],"collection":[{"href":"https:\/\/fiduinmobiliarios.com\/index.php?rest_route=\/wp\/v2\/pages"}],"about":[{"href":"https:\/\/fiduinmobiliarios.com\/index.php?rest_route=\/wp\/v2\/types\/page"}],"author":[{"embeddable":true,"href":"https:\/\/fiduinmobiliarios.com\/index.php?rest_route=\/wp\/v2\/users\/1"}],"replies":[{"embeddable":true,"href":"https:\/\/fiduinmobiliarios.com\/index.php?rest_route=%2Fwp%2Fv2%2Fcomments&post=373"}],"version-history":[{"count":9,"href":"https:\/\/fiduinmobiliarios.com\/index.php?rest_route=\/wp\/v2\/pages\/373\/revisions"}],"predecessor-version":[{"id":1281,"href":"https:\/\/fiduinmobiliarios.com\/index.php?rest_route=\/wp\/v2\/pages\/373\/revisions\/1281"}],"wp:attachment":[{"href":"https:\/\/fiduinmobiliarios.com\/index.php?rest_route=%2Fwp%2Fv2%2Fmedia&parent=373"}],"curies":[{"name":"wp","href":"https:\/\/api.w.org\/{rel}","templated":true}]}}